 - (6 - 7 - -3)) + 7
4
-12 + 1 + 40 + -22
7
Calculate 6 + -4 - -6 - (-6 - 0).
14
What is the value of (2 - 1 - -1) + 775 + -789?
-12
Calculate (-1 - -6) + (-57 - -27 - -13).
-12
Evaluate (10 - 2) + (-1 - 6) - (18 + -2).
-15
What is the value of 1 + (-15 - (-1 + -5))?
-8
(-1 - (-7 + 5)) + (-3 - 6)
-8
Evaluate -29 + (26 - (21 + -22)).
-2
-43 + (27 - 24) - -15
-25
What is the value of -35 - (-14 - 1) - -4 - -3?
-13
Evaluate (-8 - (7 + -24) - 17) + 6.
-2
What is (1 - 1) + 34 + -18 + -16 + 10?
10
What is -9 - (-12 + 1 - 3)?
5
Calculate -11 - (0 - 7) - (6 - 12) - 8.
-6
What is -12 + 5 + (-9 - -11) - 6?
-11
Evaluate 1 - (17 - -26 - 35).
-7
Evaluate 2 + -1 + (-3 - 6) + 9.
1
Calculate 0 + 8 - (-12 + 9 + 11 - -7).
-7
Evaluate 16 + (-33 + 9 - -21).
13
What is the value of (6 - -1) + (-6 - 1) + 2?
2
What is -135 + 134 - (-1 + -2)?
2
Evaluate (-5 - -8) + -4 + -10 - (1 - -7).
-19
-19 + 9 + (7 - 5)
-8
Calculate 21 - (38 - 3 - -4).
-18
What is 1 - (-3 + (4 - (8 + -2) - -8))?
-2
What is (-6 - ((-11 + 0 - -4) + -6)) + 1?
8
(12 - 21) + 1 + 12
4
What is the value of -1 - ((10 - -17) + -5 + 3)?
-26
Evaluate -15 + 2 - (274 + -300).
13
Evaluate 2 + (16 - 6 - -9) + -7 + 9.
23
Calculate (-6 - -1 - 5) + 20.
10
What is the value of -5 + 7 + -1 + 4 - (1 + 2)?
2
What is -4 - (0 + 5 + (-6 - -9))?
-12
Evaluate 7 - 15 - (-9 + -2) - -19.
22
What is (-14 + 14 - (-3 + 0)) + 8?
11
What is -11 - (-30 + 30) - 0?
-11
13 - 3 - 17 - (-1 + 5 - 6)
-5
What is (-25 - -9 - -5) + 3?
-8
Evaluate -64 + 53 - (1 + -12) - 18.
-18
Calculate 49 - -7 - (23 + (11 - 16)).
38
What is the value of -14 + 8 + (-10 - -7 - (1 - 2))?
-8
Calculate 1 - (5 - 7) - (-3 + 16).
-10
What is -21 + (-19 - -37) + 0 + 4?
1
What is the value of -3 - ((2 - -2 - 5 - 3) + -4)?
5
4 + 2 - (-1 + 9 - (-49 - -42))
-9
Evaluate 8 - (2 - (15 - (-4 - -1))) - 3.
21
What is -37 + 24 + 31 + -3?
15
What is -6 + 21 + (1 - 12)?
4
Evaluate (11 - 5) + -3 + 2 + 3.
8
What is the value of (6 - (17 - 4)) + (2 - 1) + 20?
14
What is 11 + -7 + -19 + 20?
5
Evaluate -9 + (6 - (-15 + 25)).
-13
-6 + 8 + 11 + -20
-7
What is 14 + 2 - (-21 + (21 - 8) + 9)?
15
-43 - -10 - (11 + -24)
-20
Evaluate 38 + -42 + (-1 + 7 - (11 - 14)).
5
What is the value of -17 + 13 + -8 + (1 - 2 - 1)?
-14
-100 - -98 - (-4 + 13)
-11
Evaluate (1 - -16) + -69 + 61.
9
-10 - -4 - -9 - -1 - 4 - 4
-4
What is (-2 - -7) + -7 - 27 - (8 - 14)?
-23
Evaluate 6 - ((3 - 3 - -16) + -8).
-2
Calculate 8 + -3 + (-11 - 0) + (-39 - -50).
5
What is the value of 14 + (2 - 3 - -2)?
15
Evaluate 10 + (7 - 23) + 16 + 1.
11
What is -12 + (15 - -21) + 5?
29
Evaluate (-145 - -153) + (-1 - 1) - -2.
8
Evaluate 4 + (8 - (8 + 3)) - 20.
-19
Calculate -498 - -507 - (-14 + (-2 - -3)).
22
What is -6 + (-2 - (5 - (-1 + 6))) + -6?
-14
What is the value of -2 - 3 - (-10 + -2 - -8 - -1)?
-2
Calculate -4 + 3 - (-1 - (8 + -19)).
-11
Evaluate 3 + (-24 + -6 - -37).
10
Evaluate -15 - (16 - (-16 + 32) - 13).
-2
Evaluate -2 + -9 + (-1 + -4 - -3) + 5.
-8
What is the value of 15 + -9 + -10 + (1 - 1)?
-4
What is the value of (5 - 5 - (-4 - -7)) + 24 - 10?
11
Calculate -21 + (-25 - (-24 + -2)).
-20
What is the value of (0 - -5 - 4) + (-6 - (-7 - 3))?
5
What is the value of -4 + (30 - 14) + -19?
-7
What is -5 + 25 + -20 + (-4 - -4)?
0
What is -13 + 17 + (-20 - -28)?
12
What is the value of (8 - (4 + 0)) + -7 + -8?
-11
What is the value of -17 + (-8 + -18 - -7) + 8 + 11?
-17
What is -1 + -9 + 1 + 1 + 2?
-6
-3 + -6 - (7 - (16 - (11 - 10)))
-1
What is -14 + (-26 - (4 + 2 - 19))?
-27
What is the value of -6 - (-1 - 4) - (-16 + 9)?
6
(2 + 22 - 8) + -14
2
Calculate (6 - (11 + -6) - 8) + 8.
1
Calculate -4 + -15 + -4 + -24 + (37 - 15).
-25
6 + -17 + -193 + 229
25
What is 16 + 0 - (3 + -16 + -157 + 165)?
21
5 + (-40 - -10 - -32)
7
What is the value of -26 - -35 - ((7 - -2) + (-5 - -4))?
1
Calculate (21 - -23) + -17 - 10.
17
What is 3 + (2 - (-14 - (-1 - 6)))?
12
9 - (14 - 2 - (-8 + 16) - -5)
0
What is the value of -21 - (-4 + (-9 - -8) + -4)?
-12
Calculate 0 - -10 - (28 - (58 + -31)).
9
What is the value of 10 + -23 + 15 - (0 + 0 - 1)?
3
Calculate 0 - ((-7 - -9 - 2 - 0) + -1).
1
Calculate 3 + 6 - (3 + -14 + 20).
0
(16 - 17) + (-9 - (-2 + -4))
-4
Calculate -6 - -21 - (-3 + 1) - (0 + 3).
14
-10 - (-16 + (4 - 0))
2
(18 - 9 - (-1 + 1) - 7) + 4
6
Evaluate -35 - -37 - (-4 - 1).
7
(-2 - -10) + (-2 + -1 - (0 + -4))
9
Calculate (-9 - -1) + -1 + (23 - (48 - 4)).
-30
Calculate (0 + (7 - 19) - -20) + -12.
-4
Evaluate -9 + -3 - (-22 - -5 - -26).
-21
28 - (23 - -6) - (16 + 2)
-19
Calculate 8 + (-32 + 15 - -7) - (3 - 0).
-5
Evaluate (13 - -11 - 14) + -5.
5
What is the value of -5 - (0 - (-2 + -6 + 5 + 18))?
10
1 - (8 + 1) - (285 - 282)
-11
What is the value of 2 - 8 - (0 + 6 + 4 + -5)?
-11
What is the value of 2 + -1 + -8 - ((23 - 32) + -18)?
20
What is (-5 - -5) + (6 - 7) + -4?
-5
Evaluate 1 - (3 + (-6 - (2 - (9 - 6)))).
3
Evaluate 0 - (1 + 2 + -104 + 120).
-19
19 + (-14 - 6 - -15)
14
(3 - 3 - 15) + 4 + -7
-18
Calculate (0 - 8) + 9 - 5.
-4
Calculate -15 + -1 + 1 + 82 + -80.
-13
What is the value of (-1 - (-5 - 6)) + 9 + 1?
20
Evaluate -2 - -3 - (35 + (-5 - 47)).
18
(-107 - -113) + (-4 - -3)
5
What is the value of -7 + (11 - 4) - -12?
12
Calculate 5 + 41 + -39 + (-4 - -1) + -15.
-11
What is the value of 65 - (0 + 45) - ((-1 - 1) + 4)?
18
What is the value of 36 + (2 - 6 - 16)?
16
Evaluate -3 + -1 + (14 - (-2 - -6) - 2).
4
Calculate -4 + 1 - (-12 + 25 - 26 - 9).
19
What is -5 + -2 - (-11 - (-5 + (-1 - 10)))?
-12
Evaluate -28 - (7 + -28 - (-16 - -4)).
-19
What is the value of 5 + (-12 - -7) + -12?
-12
Calculate (-1 - (-9 - 6)) + (48 - 57).
5
Calculate 1 - (-2 - 0) - (-520 + 520).
3
-5 + 5 + -3 - (2 + -6)
1
-51 + 44 + -12 + 24
5
Calculate 7 + -10 + (3 - 3) + 29 + -21.
5
What is the value of 5 + (11 - 6) - (-10 + -5)?
25
What is -311 - -327 - (1 + 23)?
-8
What is the value of -11 + -2 + (8 - (-3 + 9)) + -8?
-19
Evaluate -1663 + 1636 + (1 - 6).
-32
Evaluate 12 - ((-687 - -682) + 0 + (0 - 1)).
18
Evaluate 3 + -2 + (-26 - (-1 - 13)).
-11
1 + (1 - 10 - -5 - 2 - 14)
-19
Evaluate -5 + 0 + -5 - (14 - 11).
-13
Calculate (-9 - 0 - -7) + 4 + -5 + 17.
14
What is 6 + ((-7 - 2) + -5 - 0)?
-8
Calculate (1 - 8) + (210 - 219).
-16
What is 14 - (-16 + 0 + -235 + 262)?
3
What is (-25 - (-3 + -12)) + 4 + (-1 - -2)?
-5
Calculate 1 - -36 - (-70 + (-4 - -78)).
33
What is the value of -6 + (2 - 1) + -5 + 6 + 6?
2
Calculate -13 + (68 - (31 + 5)).
19
What is -13 + -3 + (141 - 142)?
-17
(11 - 7) + -15 + -3
-14
Calculate (-6 - 1) + (1 - (-26 + 12)).
8
Evaluate -21 - -3 - ((4 - -7 - 4) + -12).
-13
(18 - 4 - (6 - 7 - -5)) + -1
9
Calculate -16 + (-23 - -3) + 8.
-28
What is the value of -2 + 8 + (-2 + -5 - (-16 - -13))?
2
Calculate -38 - (1 + -27 + -46 + 64).
-30
What is -58 + (20 - (-36 - -8))?
-10
Evaluate -15 + 2 - (-13 + (-6 - -10)).
-4
0 + -3 + (-13 - -41 - 14)
11
What is 9 - 0 - (24 - (-11 - -21) - 16)?
11
Evaluate (5 + 11 - (-38 - -45)) + -15.
-6
9 - -8 - 14 - (-2 + 3 + -5)
7
Calculate 27 + (10 - (10 + 8) - -7).
26
-9 - (-11 - 5 - 0)
7
Evaluate -23 + 4 + (11 - (13 - 3)).
-18
Evaluate (-83 - -85) + (-3 + -10 - 2).
-13
Calculate -12 + -6 + 6 - -8 - -34.
30
What is -27 - (9 + -47) - (14 - (6 + -3))?
0
Calculate -1 - -17 - (25 + -5).
-4
Calculate -8 + 8 - (3 + -10) - (2 - 1).
6
What is the value of (1 - 5) + (-16 - -30 - 8)?
2
Calculate 0 + (-6 - (-8 - -6)) + 4.
0
What is the value of (-8 + (-1 - -3) - (-35 - -30)) + 6?
5
What is -321 + 291 + 4 + 0 + 1?
-25
Calculate (-12 - (-16 + 4 + 21 + -10)) + 12.
1
What is the value of 5 + (-2 - -4) + -27 + -12 + 30?
-2
What is the value of 21 + -14 + -11 - (-2 + 1)?
-3
What is -5 + 9 - (15 - 4) - -17?
10
Calculate -126 - -89 - (0 + -17).
-20
(-1 - -12) + (-1 + 3 + 4 - 5)
12
Evaluate 20 + (-2 - -1) + 3603 + -3598.
24
Calculate (-9 - (-3 - 8)) + 13 + -22.
-7
What is the value of (1 - 9) + (2 - (-4 + -3))?
1
Evaluate (-450 - -455) + (-2 - (-3 - -2)).
4
-10 + 10 + (0 + -16 - 11)
-27
What is -4 + 12 + -7 - (-6 + -1) - 13?
-5
Calculate -59 + 16 + 7 + 17.
-19
Evaluate -5 - (-1 - -7 - (12 + 7 + -12)).
-4
What is -1 + 0 - 18 - (78 + 44 - 113)?
-28
(-33 - -22) + (3 - -1) - 21
-28
What is (0 - 2) + (69 - 72)?
-5
Calculate (0 - 1) + (-6 - 1 - -3).
-5
Calculate (-3 - -9) + 15 + (1 - 8).
14
Evaluate 0 - (-6 - ((4 - -2) + -8 - 16)).
-12
-5 - (-3 + (17 - 